{"id":6015,"date":"2023-06-07T13:53:37","date_gmt":"2023-06-07T13:53:37","guid":{"rendered":"https:\/\/www.alliancefr.pt\/porto\/?page_id=6015"},"modified":"2025-06-19T16:25:57","modified_gmt":"2025-06-19T16:25:57","slug":"verao-frances","status":"publish","type":"page","link":"https:\/\/www.alliancefr.pt\/porto\/verao-frances\/","title":{"rendered":"Ver\u00e3o Franc\u00eas"},"content":{"rendered":"[et_pb_section admin_label=&#8221;section&#8221;]\n\t\t\t[et_pb_row admin_label=&#8221;row&#8221;]\n\t\t\t\t[et_pb_column type=&#8221;4_4&#8243;][et_pb_text admin_label=&#8221;Text&#8221;]\n<figure class=\"wp-block-image size-full\"><img loading=\"lazy\" decoding=\"async\" width=\"888\" height=\"627\" src=\"https:\/\/www.alliancefr.pt\/porto\/wp-content\/uploads\/sites\/5\/2025\/06\/WhatsApp-Image-2025-06-19-at-4.13.52-PM-1.jpeg\" alt=\"\" class=\"wp-image-7491\" srcset=\"https:\/\/www.alliancefr.pt\/porto\/wp-content\/uploads\/sites\/5\/2025\/06\/WhatsApp-Image-2025-06-19-at-4.13.52-PM-1.jpeg 888w, https:\/\/www.alliancefr.pt\/porto\/wp-content\/uploads\/sites\/5\/2025\/06\/WhatsApp-Image-2025-06-19-at-4.13.52-PM-1-480x339.jpeg 480w\" sizes=\"auto, (min-width: 0px) and (max-width: 480px) 480px, (min-width: 481px) 888px, 100vw\" \/><\/figure>\n\n\n<p>\u00a0<\/p>\n<p>\u00a0<\/p>\n<div class=\"xdj266r x11i5rnm xat24cr x1mh8g0r x1vvkbs x126k92a\">\n<div dir=\"auto\" style=\"text-align: center\">\n<div class=\"x11i5rnm xat24cr x1mh8g0r x1vvkbs xtlvy1s x126k92a\">\n<div dir=\"auto\">\u00a0<\/div>\n<\/div>\n<\/div>\n<\/div>\n\n\n<figure class=\"wp-block-image size-large\"><img loading=\"lazy\" decoding=\"async\" width=\"1024\" height=\"724\" src=\"https:\/\/www.alliancefr.pt\/porto\/wp-content\/uploads\/sites\/5\/2025\/06\/WhatsApp-Image-2025-06-19-at-5.02.59-PM-1024x724.jpeg\" alt=\"\" class=\"wp-image-7492\" srcset=\"https:\/\/www.alliancefr.pt\/porto\/wp-content\/uploads\/sites\/5\/2025\/06\/WhatsApp-Image-2025-06-19-at-5.02.59-PM-980x693.jpeg 980w, https:\/\/www.alliancefr.pt\/porto\/wp-content\/uploads\/sites\/5\/2025\/06\/WhatsApp-Image-2025-06-19-at-5.02.59-PM-480x339.jpeg 480w\" sizes=\"auto, (min-width: 0px) and (max-width: 480px) 480px, (min-width: 481px) and (max-width: 980px) 980px, (min-width: 981px) 1024px, 100vw\" \/><\/figure>\n\n\n\n<p> <\/p>\n\n\n\n<p>O Ver\u00e3o Franc\u00eas regressa de 30 de junho a 1 de agosto \u00e0 Alliance Fran\u00e7aise do Porto! <\/p>\n\n\n\n<p>Uma imers\u00e3o l\u00fadica e cultural para os jovens dos 5 aos 15 anos. <\/p>\n\n\n\n<p>\ud83c\udfa8 oficinas criativas<br>\ud83c\udfdb visitas culturais<br>\ud83c\udfb2 atividades em franc\u00eas<br>\ud83d\udc69\u200d\ud83c\udfeb acompanhamento por professores(as) qualificados(as)<\/p>\n\n\n\n<p>Quer seja para descobrir o franc\u00eas ou aperfei\u00e7oar o seu n\u00edvel, \u00e9 a ocasi\u00e3o ideal para aprender enquanto se divertem!<\/p>\n\n\n\n<p> Inscri\u00e7\u00f5es abertas at\u00e9 dia 23 de junho<br>Lugares limitados \u2014 inscrevam-se r\u00e1pido!<\/p>\n\n\n\n<p>L\u2019\u00c9t\u00e9 fran\u00e7ais revient du 30 juin au 1er ao\u00fbt \u00e0 l&#8217;Alliance Fran\u00e7aise de Porto ! <\/p>\n\n\n\n<p><\/p>\n\n\n\n<p>Une immersion ludique et culturelle pour les jeunes de 5 \u00e0 15 ans <\/p>\n\n\n\n<p>\ud83c\udfa8 Ateliers cr\u00e9atifs<br>\ud83c\udfdb Visites culturelles<br>\ud83c\udfb2 Activit\u00e9s en fran\u00e7ais<br>\ud83d\udc69\u200d\ud83c\udfeb Encadrement par des enseignant.e.s qualifi\u00e9.e.s<\/p>\n\n\n\n<p> Que ce soit pour d\u00e9couvrir le fran\u00e7ais ou perfectionner son niveau, c\u2019est l\u2019occasion id\u00e9ale d\u2019apprendre en s\u2019amusant !<\/p>\n\n\n\n<p>Inscriptions ouvertes jusqu\u2019au 23 juin<br>Places limit\u00e9es \u2014 r\u00e9servez vite !<\/p>\n\n\n\n<p><\/p>\n[\/et_pb_text][\/et_pb_column]\n\t\t\t[\/et_pb_row]\n\t\t[\/et_pb_section]","protected":false},"excerpt":{"rendered":"<p>\u00a0 \u00a0 \u00a0 O Ver\u00e3o Franc\u00eas regressa de 30 de junho a 1 de agosto \u00e0 Alliance Fran\u00e7aise do Porto! Uma imers\u00e3o l\u00fadica e cultural para os jovens dos 5 aos 15 anos. \ud83c\udfa8 oficinas criativas\ud83c\udfdb visitas culturais\ud83c\udfb2 atividades em franc\u00eas\ud83d\udc69\u200d\ud83c\udfeb acompanhamento por professores(as) qualificados(as) Quer seja para descobrir o franc\u00eas ou aperfei\u00e7oar o seu [&hellip;]<\/p>\n","protected":false},"author":4,"featured_media":6014,"parent":0,"menu_order":0,"comment_status":"closed","ping_status":"closed","template":"","meta":{"_acf_changed":false,"_et_pb_use_builder":"on","_et_pb_old_content":"<!-- wp:image {\"id\":7491,\"sizeSlug\":\"full\",\"linkDestination\":\"none\"} -->\n<figure class=\"wp-block-image size-full\"><img src=\"https:\/\/www.alliancefr.pt\/porto\/wp-content\/uploads\/sites\/5\/2025\/06\/WhatsApp-Image-2025-06-19-at-4.13.52-PM-1.jpeg\" alt=\"\" class=\"wp-image-7491\" \/><\/figure>\n<!-- \/wp:image -->\n\n<p>\u00a0<\/p>\n<p>\u00a0<\/p>\n<div class=\"xdj266r x11i5rnm xat24cr x1mh8g0r x1vvkbs x126k92a\">\n<div dir=\"auto\" style=\"text-align: center\">\n<div class=\"x11i5rnm xat24cr x1mh8g0r x1vvkbs xtlvy1s x126k92a\">\n<div dir=\"auto\">\u00a0<\/div>\n<\/div>\n<\/div>\n<\/div>\n\n<!-- wp:image {\"id\":7492,\"sizeSlug\":\"large\",\"linkDestination\":\"none\"} -->\n<figure class=\"wp-block-image size-large\"><img src=\"https:\/\/www.alliancefr.pt\/porto\/wp-content\/uploads\/sites\/5\/2025\/06\/WhatsApp-Image-2025-06-19-at-5.02.59-PM-1024x724.jpeg\" alt=\"\" class=\"wp-image-7492\" \/><\/figure>\n<!-- \/wp:image -->\n\n<!-- wp:paragraph -->\n<p> <\/p>\n<!-- \/wp:paragraph -->\n\n<!-- wp:paragraph -->\n<p>O Ver\u00e3o Franc\u00eas regressa de 30 de junho a 1 de agosto \u00e0 Alliance Fran\u00e7aise do Porto! <\/p>\n<!-- \/wp:paragraph -->\n\n<!-- wp:paragraph -->\n<p>Uma imers\u00e3o l\u00fadica e cultural para os jovens dos 5 aos 15 anos. <\/p>\n<!-- \/wp:paragraph -->\n\n<!-- wp:paragraph -->\n<p>\ud83c\udfa8 oficinas criativas<br>\ud83c\udfdb visitas culturais<br>\ud83c\udfb2 atividades em franc\u00eas<br>\ud83d\udc69\u200d\ud83c\udfeb acompanhamento por professores(as) qualificados(as)<\/p>\n<!-- \/wp:paragraph -->\n\n<!-- wp:paragraph -->\n<p>Quer seja para descobrir o franc\u00eas ou aperfei\u00e7oar o seu n\u00edvel, \u00e9 a ocasi\u00e3o ideal para aprender enquanto se divertem!<\/p>\n<!-- \/wp:paragraph -->\n\n<!-- wp:paragraph -->\n<p> Inscri\u00e7\u00f5es abertas at\u00e9 dia 23 de junho<br>Lugares limitados \u2014 inscrevam-se r\u00e1pido!<\/p>\n<!-- \/wp:paragraph -->\n\n<!-- wp:paragraph -->\n<p>L\u2019\u00c9t\u00e9 fran\u00e7ais revient du 30 juin au 1er ao\u00fbt \u00e0 l'Alliance Fran\u00e7aise de Porto ! <\/p>\n<!-- \/wp:paragraph -->\n\n<!-- wp:paragraph -->\n<p><\/p>\n<!-- \/wp:paragraph -->\n\n<!-- wp:paragraph -->\n<p>Une immersion ludique et culturelle pour les jeunes de 5 \u00e0 15 ans <\/p>\n<!-- \/wp:paragraph -->\n\n<!-- wp:paragraph -->\n<p>\ud83c\udfa8 Ateliers cr\u00e9atifs<br>\ud83c\udfdb Visites culturelles<br>\ud83c\udfb2 Activit\u00e9s en fran\u00e7ais<br>\ud83d\udc69\u200d\ud83c\udfeb Encadrement par des enseignant.e.s qualifi\u00e9.e.s<\/p>\n<!-- \/wp:paragraph -->\n\n<!-- wp:paragraph -->\n<p> Que ce soit pour d\u00e9couvrir le fran\u00e7ais ou perfectionner son niveau, c\u2019est l\u2019occasion id\u00e9ale d\u2019apprendre en s\u2019amusant !<\/p>\n<!-- \/wp:paragraph -->\n\n<!-- wp:paragraph -->\n<p>Inscriptions ouvertes jusqu\u2019au 23 juin<br>Places limit\u00e9es \u2014 r\u00e9servez vite !<\/p>\n<!-- \/wp:paragraph -->\n\n<!-- wp:paragraph -->\n<p><\/p>\n<!-- \/wp:paragraph -->","_et_gb_content_width":"","_exactmetrics_skip_tracking":false,"_exactmetrics_sitenote_active":false,"_exactmetrics_sitenote_note":"","_exactmetrics_sitenote_category":0,"footnotes":""},"class_list":["post-6015","page","type-page","status-publish","has-post-thumbnail","hentry"],"acf":[],"yoast_head":"<!-- This site is optimized with the Yoast SEO plugin v27.0 - https:\/\/yoast.com\/product\/yoast-seo-wordpress\/ -->\n<title>Ver\u00e3o Franc\u00eas - Alliance Fran\u00e7aise Porto<\/title>\n<meta name=\"robots\" content=\"index, follow, max-snippet:-1, max-image-preview:large, max-video-preview:-1\" \/>\n<link rel=\"canonical\" href=\"https:\/\/www.alliancefr.pt\/porto\/verao-frances\/\" \/>\n<meta property=\"og:locale\" content=\"pt_PT\" \/>\n<meta property=\"og:type\" content=\"article\" \/>\n<meta property=\"og:title\" content=\"Ver\u00e3o Franc\u00eas - Alliance Fran\u00e7aise Porto\" \/>\n<meta property=\"og:description\" content=\"\u00a0 \u00a0 \u00a0 O Ver\u00e3o Franc\u00eas regressa de 30 de junho a 1 de agosto \u00e0 Alliance Fran\u00e7aise do Porto! Uma imers\u00e3o l\u00fadica e cultural para os jovens dos 5 aos 15 anos. \ud83c\udfa8 oficinas criativas\ud83c\udfdb visitas culturais\ud83c\udfb2 atividades em franc\u00eas\ud83d\udc69\u200d\ud83c\udfeb acompanhamento por professores(as) qualificados(as) Quer seja para descobrir o franc\u00eas ou aperfei\u00e7oar o seu [&hellip;]\" \/>\n<meta property=\"og:url\" content=\"https:\/\/www.alliancefr.pt\/porto\/verao-frances\/\" \/>\n<meta property=\"og:site_name\" content=\"Alliance Fran\u00e7aise Porto\" \/>\n<meta property=\"article:modified_time\" content=\"2025-06-19T16:25:57+00:00\" \/>\n<meta property=\"og:image\" content=\"https:\/\/www.alliancefr.pt\/porto\/wp-content\/uploads\/sites\/5\/2023\/06\/ete-francais-A4.jpg\" \/>\n\t<meta property=\"og:image:width\" content=\"1414\" \/>\n\t<meta property=\"og:image:height\" content=\"2000\" \/>\n\t<meta property=\"og:image:type\" content=\"image\/jpeg\" \/>\n<meta name=\"twitter:card\" content=\"summary_large_image\" \/>\n<meta name=\"twitter:label1\" content=\"Tempo estimado de leitura\" \/>\n\t<meta name=\"twitter:data1\" content=\"2 minutos\" \/>\n<script type=\"application\/ld+json\" class=\"yoast-schema-graph\">{\"@context\":\"https:\/\/schema.org\",\"@graph\":[{\"@type\":\"WebPage\",\"@id\":\"https:\/\/www.alliancefr.pt\/porto\/verao-frances\/\",\"url\":\"https:\/\/www.alliancefr.pt\/porto\/verao-frances\/\",\"name\":\"Ver\u00e3o Franc\u00eas - Alliance Fran\u00e7aise Porto\",\"isPartOf\":{\"@id\":\"https:\/\/www.alliancefr.pt\/porto\/#website\"},\"primaryImageOfPage\":{\"@id\":\"https:\/\/www.alliancefr.pt\/porto\/verao-frances\/#primaryimage\"},\"image\":{\"@id\":\"https:\/\/www.alliancefr.pt\/porto\/verao-frances\/#primaryimage\"},\"thumbnailUrl\":\"https:\/\/www.alliancefr.pt\/porto\/wp-content\/uploads\/sites\/5\/2023\/06\/ete-francais-A4.jpg\",\"datePublished\":\"2023-06-07T13:53:37+00:00\",\"dateModified\":\"2025-06-19T16:25:57+00:00\",\"breadcrumb\":{\"@id\":\"https:\/\/www.alliancefr.pt\/porto\/verao-frances\/#breadcrumb\"},\"inLanguage\":\"pt-PT\",\"potentialAction\":[{\"@type\":\"ReadAction\",\"target\":[\"https:\/\/www.alliancefr.pt\/porto\/verao-frances\/\"]}]},{\"@type\":\"ImageObject\",\"inLanguage\":\"pt-PT\",\"@id\":\"https:\/\/www.alliancefr.pt\/porto\/verao-frances\/#primaryimage\",\"url\":\"https:\/\/www.alliancefr.pt\/porto\/wp-content\/uploads\/sites\/5\/2023\/06\/ete-francais-A4.jpg\",\"contentUrl\":\"https:\/\/www.alliancefr.pt\/porto\/wp-content\/uploads\/sites\/5\/2023\/06\/ete-francais-A4.jpg\",\"width\":1414,\"height\":2000},{\"@type\":\"BreadcrumbList\",\"@id\":\"https:\/\/www.alliancefr.pt\/porto\/verao-frances\/#breadcrumb\",\"itemListElement\":[{\"@type\":\"ListItem\",\"position\":1,\"name\":\"In\u00edcio\",\"item\":\"https:\/\/www.alliancefr.pt\/porto\/\"},{\"@type\":\"ListItem\",\"position\":2,\"name\":\"Ver\u00e3o Franc\u00eas\"}]},{\"@type\":\"WebSite\",\"@id\":\"https:\/\/www.alliancefr.pt\/porto\/#website\",\"url\":\"https:\/\/www.alliancefr.pt\/porto\/\",\"name\":\"Alliance Fran\u00e7aise Porto\",\"description\":\"Alliances Fran\u00e7aises de Lisbonne\",\"potentialAction\":[{\"@type\":\"SearchAction\",\"target\":{\"@type\":\"EntryPoint\",\"urlTemplate\":\"https:\/\/www.alliancefr.pt\/porto\/?s={search_term_string}\"},\"query-input\":{\"@type\":\"PropertyValueSpecification\",\"valueRequired\":true,\"valueName\":\"search_term_string\"}}],\"inLanguage\":\"pt-PT\"}]}<\/script>\n<!-- \/ Yoast SEO plugin. -->","yoast_head_json":{"title":"Ver\u00e3o Franc\u00eas - Alliance Fran\u00e7aise Porto","robots":{"index":"index","follow":"follow","max-snippet":"max-snippet:-1","max-image-preview":"max-image-preview:large","max-video-preview":"max-video-preview:-1"},"canonical":"https:\/\/www.alliancefr.pt\/porto\/verao-frances\/","og_locale":"pt_PT","og_type":"article","og_title":"Ver\u00e3o Franc\u00eas - Alliance Fran\u00e7aise Porto","og_description":"\u00a0 \u00a0 \u00a0 O Ver\u00e3o Franc\u00eas regressa de 30 de junho a 1 de agosto \u00e0 Alliance Fran\u00e7aise do Porto! Uma imers\u00e3o l\u00fadica e cultural para os jovens dos 5 aos 15 anos. \ud83c\udfa8 oficinas criativas\ud83c\udfdb visitas culturais\ud83c\udfb2 atividades em franc\u00eas\ud83d\udc69\u200d\ud83c\udfeb acompanhamento por professores(as) qualificados(as) Quer seja para descobrir o franc\u00eas ou aperfei\u00e7oar o seu [&hellip;]","og_url":"https:\/\/www.alliancefr.pt\/porto\/verao-frances\/","og_site_name":"Alliance Fran\u00e7aise Porto","article_modified_time":"2025-06-19T16:25:57+00:00","og_image":[{"width":1414,"height":2000,"url":"https:\/\/www.alliancefr.pt\/porto\/wp-content\/uploads\/sites\/5\/2023\/06\/ete-francais-A4.jpg","type":"image\/jpeg"}],"twitter_card":"summary_large_image","twitter_misc":{"Tempo estimado de leitura":"2 minutos"},"schema":{"@context":"https:\/\/schema.org","@graph":[{"@type":"WebPage","@id":"https:\/\/www.alliancefr.pt\/porto\/verao-frances\/","url":"https:\/\/www.alliancefr.pt\/porto\/verao-frances\/","name":"Ver\u00e3o Franc\u00eas - Alliance Fran\u00e7aise Porto","isPartOf":{"@id":"https:\/\/www.alliancefr.pt\/porto\/#website"},"primaryImageOfPage":{"@id":"https:\/\/www.alliancefr.pt\/porto\/verao-frances\/#primaryimage"},"image":{"@id":"https:\/\/www.alliancefr.pt\/porto\/verao-frances\/#primaryimage"},"thumbnailUrl":"https:\/\/www.alliancefr.pt\/porto\/wp-content\/uploads\/sites\/5\/2023\/06\/ete-francais-A4.jpg","datePublished":"2023-06-07T13:53:37+00:00","dateModified":"2025-06-19T16:25:57+00:00","breadcrumb":{"@id":"https:\/\/www.alliancefr.pt\/porto\/verao-frances\/#breadcrumb"},"inLanguage":"pt-PT","potentialAction":[{"@type":"ReadAction","target":["https:\/\/www.alliancefr.pt\/porto\/verao-frances\/"]}]},{"@type":"ImageObject","inLanguage":"pt-PT","@id":"https:\/\/www.alliancefr.pt\/porto\/verao-frances\/#primaryimage","url":"https:\/\/www.alliancefr.pt\/porto\/wp-content\/uploads\/sites\/5\/2023\/06\/ete-francais-A4.jpg","contentUrl":"https:\/\/www.alliancefr.pt\/porto\/wp-content\/uploads\/sites\/5\/2023\/06\/ete-francais-A4.jpg","width":1414,"height":2000},{"@type":"BreadcrumbList","@id":"https:\/\/www.alliancefr.pt\/porto\/verao-frances\/#breadcrumb","itemListElement":[{"@type":"ListItem","position":1,"name":"In\u00edcio","item":"https:\/\/www.alliancefr.pt\/porto\/"},{"@type":"ListItem","position":2,"name":"Ver\u00e3o Franc\u00eas"}]},{"@type":"WebSite","@id":"https:\/\/www.alliancefr.pt\/porto\/#website","url":"https:\/\/www.alliancefr.pt\/porto\/","name":"Alliance Fran\u00e7aise Porto","description":"Alliances Fran\u00e7aises de Lisbonne","potentialAction":[{"@type":"SearchAction","target":{"@type":"EntryPoint","urlTemplate":"https:\/\/www.alliancefr.pt\/porto\/?s={search_term_string}"},"query-input":{"@type":"PropertyValueSpecification","valueRequired":true,"valueName":"search_term_string"}}],"inLanguage":"pt-PT"}]}},"_links":{"self":[{"href":"https:\/\/www.alliancefr.pt\/porto\/wp-json\/wp\/v2\/pages\/6015","targetHints":{"allow":["GET"]}}],"collection":[{"href":"https:\/\/www.alliancefr.pt\/porto\/wp-json\/wp\/v2\/pages"}],"about":[{"href":"https:\/\/www.alliancefr.pt\/porto\/wp-json\/wp\/v2\/types\/page"}],"author":[{"embeddable":true,"href":"https:\/\/www.alliancefr.pt\/porto\/wp-json\/wp\/v2\/users\/4"}],"replies":[{"embeddable":true,"href":"https:\/\/www.alliancefr.pt\/porto\/wp-json\/wp\/v2\/comments?post=6015"}],"version-history":[{"count":11,"href":"https:\/\/www.alliancefr.pt\/porto\/wp-json\/wp\/v2\/pages\/6015\/revisions"}],"predecessor-version":[{"id":7495,"href":"https:\/\/www.alliancefr.pt\/porto\/wp-json\/wp\/v2\/pages\/6015\/revisions\/7495"}],"wp:featuredmedia":[{"embeddable":true,"href":"https:\/\/www.alliancefr.pt\/porto\/wp-json\/wp\/v2\/media\/6014"}],"wp:attachment":[{"href":"https:\/\/www.alliancefr.pt\/porto\/wp-json\/wp\/v2\/media?parent=6015"}],"curies":[{"name":"wp","href":"https:\/\/api.w.org\/{rel}","templated":true}]}}